(-15)*(14 + -2). What is the units digit of (m/(-20))/((-1)/70)?
8
Let x(r) = -r - 9. Let z(y) = 2*y + 10. Let h(o) = 3*x(o) + 2*z(o). Let a be h(3). What is the units digit of 3/((-3)/a*2)?
2
Let w(f) = -50*f**2 - 14*f + 24. Let v be w(12). What is the tens digit of v/(-90) + ((-2)/(-5))/1?
8
Suppose 0 = 2*p + 11*a - 10*a - 7454, 4*a = 4*p - 14884. What is the units digit of p?
5
Let u(k) = 438*k**2 + k - 2. What is the units digit of u(1)?
7
Let v = 8094 + -5213. What is the thousands digit of v?
2
Suppose -3*v = 3*k - 8*v - 8594, 5*v = 25. What is the thousands digit of k?
2
Let j(a) be the third derivative of -a**5/12 + a**4/6 - 7*a**3/6 + 4*a**2. Let b(p) be the first derivative of j(p). What is the units digit of b(-2)?
4
Let f = 4 - 4. Suppose g - u = 3, g - 14 = -2*g - 2*u. Suppose -g*k + 0*k + 28 = f. What is the units digit of k?
7
Let t(z) = 2*z + 16. Let q be (7/(-2))/(-5*(-8)/80). What is the units digit of t(q)?
2
Suppose 750 = -2*o - 140. Let w = o - -715. What is the hundreds digit of w?
2
Suppose 14312 = -18*l + 21*l + 4*u, -4*u = -3*l + 14296. What is the thousands digit of l?
4
Suppose 333 = 2*m + m + 2*w, -4*w = 2*m - 222. What is the units digit of m?
1
Suppose -4*a = a + 10. Let r be 24/10 - (-11)/((-220)/8). What is the units digit of (3 + a)*(r - -37)?
9
Suppose -126 = -4*p + 758. Let q = -85 + p. What is the hundreds digit of q?
1
Let a(v) be the third derivative of -v**4/6 + v**3 - 8*v**2. Let u be a(3). Let q(z) = z**3 + 6*z**2 - 7*z - 3. What is the tens digit of q(u)?
3
Let v(x) = 4*x**2 - 21*x - 59. What is the tens digit of v(-4)?
8
Suppose 0 = h - 1 + 22. Let n = h - -24. Suppose k = n*k - 4. What is the units digit of k?
2
Let s(i) = -i**3 - i**2 + i + 191. Suppose -2*f - 4 = -t + 2, f + 3 = 4*t. Let o be s(t). Suppose 127 = 6*r - o. What is the units digit of r?
3
Let r = 3 - -1. Let f = 261 - 163. Suppose -r*d + f = 14. What is the units digit of d?
1
Let y = 11 + 2. Suppose y*h - 15*h = -2. What is the units digit of h?
1
Suppose 0*p + 3*p - 93 = 0. Suppose 2*l - l = -5, 3*b - 5*l = p. Suppose 0 = 2*m + 2*j - 50, -2*m + b*j + 41 = -29. What is the units digit of m?
0
Let w(o) = -9*o - 19. Let a(s) = -9*s - 19. Let n(i) = -6*a(i) + 7*w(i). What is the units digit of n(-8)?
3
Suppose -5*i - 2*c + 6023 = 0, 13*i - 17*i - 5*c + 4832 = 0. What is the hundreds digit of i?
2
Let p(n) = -8*n**2 - 20*n**3 + 45*n**3 - 5*n - 26*n**3 + 6. What is the tens digit of p(-8)?
4
Let g(s) = 3 - 83*s + 75*s + 5*s**2 + s**3 - 3*s**2. What is the units digit of g(4)?
7
Let t = 8 - 3. Suppose -y - 5*g + 22 = -6*g, 3*y = -t*g + 50. Suppose 4*a = -16, -2*m + y = a + 3*a. What is the units digit of m?
8
Let w = -19 + 29. Suppose -w = -3*u + 2, 4*c = -2*u + 256. What is the units digit of c?
2
Let b = 3655 - 1992. What is the tens digit of b?
6
Let n be ((-1)/4*2)/((-2)/116). Let c = n + 49. What is the tens digit of c?
7
Let l be (2*(-36)/8)/1. Let c be 2/((-3)/l + 0). What is the units digit of (1 - 6)/(c/(-24))?
0
Let d = -11 + 19. Suppose -d*b + 3*b + 2*c - 4 = 0, 2*b + 6 = 3*c. Suppose b = 2*m - 6, -4*t + 36 + 89 = 3*m. What is the tens digit of t?
2
Let f = 2442 - 1655. What is the tens digit of f?
8
Suppose -3*c + 1054 = 2*c - 3*z, 414 = 2*c - 5*z. What is the units digit of c?
2
Suppose 2*g = 3*d + 66, 0 = 2*g - 5*d - 41 - 25. What is the units digit of (482/12 + (-22)/g)*4?
8
Suppose 2*t - 6*t + 44 = -3*w, -4*w - 4*t = 96. Let n = w - -30. What is the units digit of n?
0
Let j = 11 + -8. Suppose -j*r + 15 = -5*w, 7*r - 3*r - 20 = -3*w. What is the units digit of r?
5
Let l(j) = -41*j**2 + 2*j - 4. Let t(z) = 1. Let k(x) = -l(x) - 3*t(x). What is the units digit of k(1)?
0
Let s(m) be the third derivative of 11*m**4/12 + 17*m**3/6 - 10*m**2 - 1. What is the tens digit of s(3)?
8
Suppose 15 = -5*j + 135. Suppose -5*m - 2*i = -81, 0*m + 2*m - 2*i = j. Let y = -9 + m. What is the units digit of y?
6
Let z = -34 + 33. What is the units digit of ((-24)/(-60))/(z/(-35))?
4
What is the thousands digit of (-61460)/(-26) - (-5 + (-441)/(-91))?
2
Let y(h) = 8*h**2 + 62*h - 125. What is the tens digit of y(17)?
4
Suppose 4*o = -4*i + 2*i - 12, 0 = -2*i - 3*o - 9. Suppose b + v = -i*b + 16, 4*b = -2*v + 60. What is the tens digit of b?
1
Suppose 0 = 20*a + 5540 - 27540. What is the tens digit of a?
0
Suppose -4*f + 8 = -0*f + 4*m, 0 = f - 5*m + 10. Suppose -p - 13 = 2*v - 3*v, f = -v + 5*p + 9. What is the units digit of v?
4
Suppose 254 + 263 = q. Let u = q + -273. What is the tens digit of u?
4
Suppose 4*v = 2*y + 8, 2*v - 4*y = 2 + 2. Let r(g) = -10 + 8*g**2 - 7*g**3 + 4*g**v + g + 6*g**3. What is the units digit of r(12)?
2
Let y(i) = i**3 - 24*i**2 + 25*i - 37. Suppose -78 = 6*d - 216. What is the units digit of y(d)?
9
Let p(z) = -3*z + 17. Let w be p(-5). Suppose h + w = 44. What is the units digit of h?
2
Let h(k) = 42*k**2 + 17*k + 18. What is the units digit of h(-4)?
2
Let t be ((-612)/10)/((-6)/20). Let o be (t/8)/3*6. Suppose 3*s = 5*s - 5*a - o, 64 = 3*s - 5*a. What is the tens digit of s?
1
Suppose 4*o - 5*v = 2885, 9*v = -2*o + 14*v + 1445. What is the units digit of o?
0
Let m be (-9 + 2)*(-2 + 25). What is the tens digit of 12/36 - m/3?
5
Suppose c + 319 = -j, -4*c + 643 = -6*c - 3*j. Let z = -114 - c. What is the hundreds digit of z?
2
Let i(s) = 10 + 2*s**3 - 3*s**3 + 16*s + 14*s**2 + 0*s**3 - 17. What is the units digit of i(15)?
8
Let j(l) = l**2 + 12*l + 31. Let n be j(-9). Suppose -g = n*d - 140, 0*d + 590 = 4*g + d. What is the tens digit of g?
4
Let x = 2 + -2. Suppose x*w = 4*w - 88. Suppose 88 = 5*c - w. What is the units digit of c?
2
Let j(f) = -14 + 4 + 15*f + 5. What is the tens digit of j(3)?
4
Let g(o) = 128*o - 262. What is the thousands digit of g(14)?
1
Suppose r + 7*h + 6 = 4*h, 5*h = -5*r - 60. Let s = r - -15. What is the tens digit of -1 - (-30 + s/3)?
2
Suppose -3*h + 0*f - 3*f = 24, 3*h + 10 = 4*f. What is the units digit of (33/h + 4)/((-3)/6)?
3
Suppose -26*d + 12 = -22*d. What is the tens digit of ((25 - 4) + d)/(1 - 0)?
2
Suppose -3*o + 2 = -2*x, 5*o = -5*x - 0 - 30. Let d be o/(-6) - (-884)/39. Suppose 5*y + 0*c - 2*c - d = 0, -3 = 3*y + 3*c. What is the units digit of y?
3
Let k(p) = 3*p - 8. Let g(z) = 2*z - 8. Let d(s) = -4*g(s) + 3*k(s). Let h be d(4). Suppose -2*c - c = 4*r - 40, -3*c = -h. What is the units digit of r?
7
Let y(f) = 11*f**2 - 367*f - 46. What is the units digit of y(40)?
4
Suppose -17398 = -38*r + 17448. What is the units digit of r?
7
Suppose -c = -5 + 1. Suppose -605 = -c*w - w. What is the tens digit of w?
2
Suppose b - 407 = -2*b + j, -b + 149 = -3*j. Suppose -5*i - b = -5*t - 4, 5*t = 2*i + 136. What is the units digit of t?
8
Let l(v) be the third derivative of v**6/120 - v**5/60 - v**4/24 + 5*v**3/3 - 2*v**2. Let b be l(0). What is the units digit of (-5)/25 - (-72)/b?
7
Suppose z + 2*a = 563, 46*z - 47*z + 591 = -5*a. What is the tens digit of z?
7
Suppose -3*v = 3*p + 15, 0 = -13*v + 16*v - 3*p - 9. Let w(i) = i**2 - 4*i - 2. Let l be w(4). Let c = v - l. What is the units digit of c?
1
Let m(g) be the second derivative of g**3/6 - 3*g**2 + 3*g. Let u be m(8). What is the tens digit of (-1 + u)/((-2)/(-30))?
1
Suppose 2*n + 517 = 2299. What is the tens digit of n?
9
Let p(f) = 8*f**2 - 49*f - 2. What is the tens digit of p(20)?
1
Let s = 84 - 67. Suppose 2*u - 3667 = -s*u. What is the tens digit of u?
9
Let p = -1874 + 2725. What is the units digit of p?
1
Let j(h) = -h. Let w be j(-4). Suppose 35 = w*t - 17. Let y = -7 + t. What is the units digit of y?
6
Let b(x) be the third derivative of x**5/4 - x**4/24 - 4*x**3/3 - 18*x**2. What is the hundreds digit of b(4)?
2
Let d(o) be the second derivative of o**3/3 + o**2 + 3*o. Let a be d(-1). Suppose y + a*y = 5*u + 59, -85 = -2*y - u. What is the units digit of y?
4
Suppose 1764 = v - 5*m, 6*v - 8874 = v - 2*m. What is the tens digit of v?
7
Let t(j) = j**2 - j + 1. Let h be t(0). Suppose 3*m = d + h, 0*d = d + 4*m - 13. Suppose -4 = -3*w + d. What is the units digit of w?
3
Suppose 5*t - 5*f - 25 = -f, -3*t + 2*f = -15. Suppose l = 4, p - 2*l + 112 = t*p. What is the units digit of p?
6
Let m(v) = -v**2 - v - 1. Let h be m(-3). Let q = -31 - -49. Let o = q + h. What is the tens digit of o?
1
Let m be 2382/2